2*d - 2*d + 161. Let x = 5 + -2. Suppose -5*a + 28 = -x*t, -4*t + 24 + 16 = 3*a. Calculate the remainder when b is divided by a.
5
Suppose -2*d = -5*t - 105, 86 = -5*t - 5*d - 19. Let k be (-3)/(-7) + 828/t. What is the remainder when ((1 - 0) + k)/(-1) is divided by 10?
8
Suppose -21 - 3 = -2*o. Let r(f) = f**3 - 11*f**2 - 12*f + 10. Let a = 58 + -29. What is the remainder when a is divided by r(o)?
9
Suppose 1108 = 2565*m - 2561*m. What is the remainder when m is divided by 47?
42
Let g = 2 + 1. What is the remainder when 63 is divided by g?
0
Let j(r) = r**3 + 6*r**2 + 5*r - 4. Calculate the remainder when 3/(-3) + 0 + 11 is divided by j(-4).
2
Let v be 2/(12/(-6)*1). Calculate the remainder when 24 is divided by -35*v*12/42.
4
Suppose -22*k + 270 = -12*k. Calculate the remainder when k is divided by 15.
12
Let h = 357 - 288. Calculate the remainder when h is divided by 41.
28
Calculate the remainder when 51/(-2)*(-7 + 1) is divided by 308/(-220) + (-404)/(-10).
36
Let z(f) = 5*f + 91. Calculate the remainder when z(10) is divided by 25.
16
Let a = 302 - 156. Let s = -47 + a. Suppose -2*m - 5 = -s. What is the remainder when m is divided by 16?
15
Let h(z) = 0 - 1 - 300*z**2 + z + 0. Let o be h(1). What is the remainder when (-4)/(-14) + o/(-28) is divided by 7?
4
Suppose 0 = 3*x - 7*x + 20. Let c(f) = f**2 + 4*f + 3. Suppose 5*b = -4*i + 2*i - 25, 0 = -3*b + i - 15. Calculate the remainder when c(b) is divided by x.
3
Suppose 2*y = 2*n - 4*n - 8, 0 = 2*y - 2*n - 4. Let f = y + 13. Suppose 4*i - 49 = 39. Calculate the remainder when i is divided by f.
10
Let z(q) = 5*q + 4. Suppose -3*k = -6*k + 108. Suppose 4*t = 4 + k. Calculate the remainder when z(7) is divided by t.
9
Let f(o) = 31*o**2 + 55*o + 4. What is the remainder when 755 is divided by f(-2)?
17
Let z(j) = j**3 - 6*j**2 + j + 4. Let h(y) = y**3 + 4*y**2 - 6*y + 2. Let x be h(-5). What is the remainder when z(x) is divided by (56/(-14))/((-4)/21)?
18
Suppose r + 1819 = 5*a, -20 = 7*r - 2*r. What is the remainder when a is divided by 63?
48
Let u(i) = -i - 1. Let x(r) = -4*r + 2. Let z(p) = -3*u(p) + x(p). Let d be z(6). What is the remainder when 19 is divided by (-7 + 6)*10*d?
9
Let z = -7 - -66. Calculate the remainder when z is divided by 6/4 - 2349/(-174).
14
Suppose 2*p + 0 = -10. Let o(b) = 11*b - 2. Calculate the remainder when p/((-40)/228)*2 is divided by o(2).
17
Suppose -107 + 498 = 23*t. Suppose 122 = z - 29. Let m = -84 + z. Calculate the remainder when m is divided by t.
16
Suppose 8*o = 4*o + 28. Let n be (4 - 9) + 4 + 1. Suppose -5*i + 20 = -5*v, 2*i - v + n = 9. Calculate the remainder when o is divided by i.
2
Suppose -4*s + 423 = 5*s. What is the remainder when s is divided by 12?
11
Calculate the remainder when 97 is divided by -12 - (-902)/77 - 142/(-7).
17
Let t = 22 + 166. Let y = -58 + t. Suppose 0*h = -5*h + y. What is the remainder when h is divided by 14?
12
Suppose 65 = -5*g - 35. Let d = 21 + g. Calculate the remainder when d*-1 + 6 + -1 is divided by 3.
1
Let v(y) = -y - 19. Calculate the remainder when 558 is divided by v(-39).
18
Let z be 5 + 0*3/(-9). Suppose z*t - 7*t + 18 = 0. Suppose -2*s - 5 = -2*q - 3*s, -2*s = -3*q + 18. What is the remainder when t is divided by q?
1
Let s = 330 + -236. Let n = s + -69. Calculate the remainder when 171 is divided by n.
21
Let m be 5/15 + (-1)/3. Let c = 2 - -2. Suppose m = -0*i + c*i - 64. What is the remainder when i is divided by 6?
4
Let j = 74 - -197. What is the remainder when j is divided by 21?
19
Let y = 169 + -10. Calculate the remainder when y is divided by 30.
9
Suppose 0 = 2*d - p - 61, -2*p + 132 = 4*d - 6*p. Suppose 5*w - d = -3*v, -w - 2 + 6 = v. What is the remainder when 30 is divided by w?
6
Let q = 4 - 43. Let g = -23 - q. Calculate the remainder when g is divided by 10.
6
Suppose -4*o + 2*x = -0*o - 2774, -o + 3*x + 691 = 0. What is the remainder when o is divided by 17?
14
Let c(q) = -5*q + 5. Let u be c(-17). Suppose u = 5*d - 535. Suppose 5*p - 10*p + d = 0. Calculate the remainder when 97 is divided by p.
22
Let p(y) = 19*y + 13. Calculate the remainder when 1017 is divided by p(2).
48
Suppose 111*c - n = 112*c - 319, -5*c - 2*n = -1598. What is the remainder when c is divided by 46?
44
Let j(y) = -y**3 + 8*y**2 - 8*y - 15. Calculate the remainder when 57 - -2*(-3)/(-6) is divided by j(5).
18
Suppose 11*m = 14*m - 39. Suppose -c + m = -23. Let p = c + -22. What is the remainder when p is divided by 5?
4
Let y = -13 - -54. Suppose 5*q - 29 - y = 0. Calculate the remainder when 40 is divided by q.
12
Let u(z) = 54*z - 141. Calculate the remainder when u(6) is divided by 19.
12
Suppose m = -b + 1, 0 = -b - 4*m + 5*m - 1. Suppose 2*w = 3*w - 21. What is the remainder when b + 3 + -5 + 42 is divided by w?
19
Let u = -50 - -61. What is the remainder when -4 - 4/(12/(-237)) is divided by u?
9
Let d(i) = -4*i + 86. Let r = 3 - 1. Calculate the remainder when d(18) is divided by r/(-6) + 13/3.
2
What is the remainder when 176/(-22) - (-204)/3 is divided by 47?
13
Let j(n) be the first derivative of n**4/4 + 5*n**3/3 - 5*n**2/2 + 4*n + 4. Let d be j(-6). Let h = 18 - d. Calculate the remainder when 77 is divided by h.
17
Let z(v) = 2*v**2 + 14*v + 11. Suppose f + 27 = -2*p + 159, 122 = 2*p - 4*f. What is the remainder when p is divided by z(-7)?
10
Let b(n) = n**3 + 5*n**2 - 2*n - 1. Let i be b(-5). Let g = i + -28. Let h = g + 34. What is the remainder when 59 is divided by h?
14
Let o(x) = 9*x**3 + x**2 - 3*x - 3. Let y be o(-2). Let f = y - -85. Calculate the remainder when 116 is divided by f.
16
Let r = 37 - 9. Let b = 124 - 18. Calculate the remainder when b is divided by r.
22
Suppose 649*j - 639*j - 280 = 0. What is the remainder when 195 is divided by j?
27
Let d = -7 - -15. Calculate the remainder when d is divided by (48/(-56))/(2/(-14)).
2
Suppose 0 = 5*f - 4 - 11. What is the remainder when (12/5)/(2/5) is divided by f?
0
Let i = 9 - 7. Suppose -3*f + z = -11 - i, -3*f - z + 11 = 0. Suppose -f*d - 42 = -3*t - 7*d, -2*d + 10 = t. What is the remainder when 35 is divided by t?
17
Calculate the remainder when (-7)/3 + (-4298)/(-42) is divided by 32.
4
Suppose 7 + 3 = -5*h. What is the remainder when 46 is divided by h + 104/48 + 149/6?
21
Calculate the remainder when (-4180)/(-24) + ((-35)/30)/7 is divided by 71.
32
Let f be (9/(-6))/((-3)/28). Let r be 2/9 + (-34)/(-9). Suppose -r*b - y = -32 - 7, -b - 5*y = f. Calculate the remainder when 64 is divided by b.
9
Let r = -1188 - -1219. What is the remainder when 339 is divided by r?
29
What is the remainder when 187 is divided by 171/(-38)*22/(-3)?
22
Suppose -2*c + 5*y + 72 = 0, 5*c + y - 6*y - 195 = 0. Suppose 3 = 4*t - c. Let f = 12113 + -12106. Calculate the remainder when t is divided by f.
4
Suppose -5*l + 2*i = -92, -l + 3*l - 60 = -5*i. What is the remainder when 193 is divided by l?
13
Let h = 28 - 14. What is the remainder when 104/2 - ((-25)/(-10))/((-85)/(-136)) is divided by h?
6
Let s be (-34)/((-8)/3 + 2). Suppose o + s = 4*o. Suppose -310*w + 335*w - 1650 = 0. What is the remainder when w is divided by o?
15
Let q(v) = 13*v - 228. What is the remainder when 262 is divided by q(18)?
4
Suppose 4*p - 8 = 6*p. What is the remainder when (-1)/p + 18051/132 is divided by 20?
17
Let i(p) = -p**3 + 7*p**2 + 18*p. Let d(c) = 6*c**3 - 34*c**2 - 91*c + 1. Let k(n) = -2*d(n) - 11*i(n). Calculate the remainder when 44 is divided by k(-7).
8
What is the remainder when 258/4*((-224)/(-24) + -8) is divided by 29?
28
Let t = 11 + -9. Suppose -t*c + 252 = -0*c. Suppose q + 3*q - 5*i - 133 = 0, -4*q + c = 2*i. What is the remainder when q is divided by 11?
10
Let c(l) = -l**2 - 17*l + 112. What is the remainder when 157 is divided by c(5)?
1
Suppose -2*v - 3*x + 145 = 0, -77 = -v + 17*x - 14*x. Calculate the remainder when v is divided by 4/(-18) - (-173)/9.
17
Calculate the remainder when 114 is divided by 55/(-20) - (-2)/(-8) - -53.
14
Let y(x) = 2*x + 4. Let i(d) = -d**2 + 74. Let h be i(0). Suppose -91 = -w - h. What is the remainder when w is divided by y(3)?
7
Let v(b) = -2*b**3 - 2*b**2 - b - 1. Let o be v(0). Calculate the remainder when 53 is divided by (18 - (o - -4)) + 1*3.
17
Calculate the remainder when 175 is divided b